divisor of 44 and 4532?
44
What is the greatest common divisor of 11 and 704?
11
What is the greatest common divisor of 34 and 629?
17
What is the greatest common divisor of 292 and 1314?
146
Calculate the greatest common divisor of 441 and 4263.
147
What is the highest common factor of 66 and 57?
3
Calculate the highest common divisor of 4350 and 120.
30
What is the greatest common divisor of 11 and 451?
11
What is the highest common factor of 517 and 329?
47
What is the greatest common factor of 168 and 576?
24
Calculate the highest common factor of 93 and 124.
31
Calculate the highest common factor of 104 and 13.
13
Calculate the highest common factor of 3575 and 975.
325
Calculate the highest common factor of 1557 and 3460.
173
Calculate the greatest common factor of 215 and 129.
43
Calculate the highest common divisor of 220 and 280.
20
What is the highest common divisor of 60 and 132?
12
Calculate the highest common divisor of 1173 and 1242.
69
What is the highest common factor of 29797 and 83?
83
What is the greatest common divisor of 22 and 154?
22
Calculate the highest common divisor of 189 and 162.
27
What is the greatest common divisor of 23091 and 258?
129
What is the greatest common factor of 279 and 2325?
93
Calculate the greatest common divisor of 7076 and 812.
116
What is the highest common factor of 5518 and 279?
31
What is the highest common divisor of 5 and 3845?
5
What is the highest common factor of 145 and 58?
29
What is the highest common factor of 423 and 126?
9
Calculate the highest common divisor of 234 and 494.
26
What is the highest common divisor of 130 and 585?
65
What is the greatest common divisor of 22 and 286?
22
What is the highest common divisor of 119 and 42?
7
Calculate the highest common factor of 1184 and 37.
37
What is the greatest common factor of 300 and 1550?
50
What is the greatest common factor of 189 and 3375?
27
Calculate the greatest common factor of 429 and 165.
33
What is the greatest common divisor of 209 and 11?
11
What is the highest common factor of 5420 and 70?
10
What is the greatest common divisor of 63 and 147?
21
What is the greatest common divisor of 208 and 39?
13
What is the greatest common divisor of 2 and 8176?
2
Calculate the highest common divisor of 708 and 38468.
236
What is the highest common factor of 66 and 18?
6
What is the greatest common divisor of 4 and 57?
1
What is the highest common divisor of 644 and 1058?
46
Calculate the highest common divisor of 720 and 1665.
45
Calculate the greatest common factor of 1980 and 880.
220
Calculate the highest common divisor of 30 and 852.
6
What is the greatest common divisor of 6 and 138?
6
Calculate the greatest common factor of 14 and 70.
14
Calculate the highest common divisor of 1209 and 91.
13
Calculate the highest common factor of 308 and 84.
28
Calculate the highest common divisor of 19 and 1.
1
What is the highest common factor of 27 and 17874?
27
Calculate the highest common factor of 960 and 32.
32
What is the highest common factor of 78 and 7566?
78
What is the highest common divisor of 992 and 224?
32
What is the greatest common divisor of 435 and 174?
87
What is the greatest common divisor of 56 and 8?
8
Calculate the greatest common divisor of 75045 and 15.
15
What is the highest common divisor of 194 and 13774?
194
What is the greatest common divisor of 30 and 13545?
15
What is the greatest common factor of 352 and 143?
11
What is the greatest common divisor of 1212 and 2121?
303
Calculate the greatest common divisor of 3 and 411.
3
What is the greatest common factor of 1268 and 4?
4
What is the greatest common factor of 9916 and 296?
148
What is the highest common factor of 146 and 1241?
73
What is the greatest common factor of 2 and 3?
1
Calculate the greatest common factor of 899 and 62.
31
What is the greatest common factor of 1136 and 2096?
16
What is the greatest common factor of 14 and 5089?
7
Calculate the greatest common divisor of 123 and 164.
41
What is the greatest common divisor of 11 and 275?
11
What is the greatest common divisor of 9 and 223?
1
What is the highest common divisor of 8 and 16?
8
Calculate the highest common factor of 1025 and 10.
5
Calculate the highest common factor of 184 and 20.
4
Calculate the highest common factor of 20 and 2430.
10
What is the highest common factor of 140 and 740?
20
Calculate the highest common factor of 54 and 22.
2
What is the highest common divisor of 3427 and 23?
23
What is the greatest common divisor of 282 and 1?
1
What is the greatest common factor of 90 and 30?
30
Calculate the highest common factor of 184 and 5888.
184
Calculate the highest common factor of 693 and 7.
7
What is the greatest common divisor of 144 and 672?
48
Calculate the highest common factor of 4026 and 132.
66
Calculate the highest common divisor of 12 and 21.
3
Calculate the highest common divisor of 2247 and 21.
21
What is the greatest common factor of 148 and 4?
4
What is the greatest common divisor of 790 and 79?
79
What is the highest common divisor of 30 and 615?
15
Calculate the highest common divisor of 640 and 80.
80
Calculate the highest common divisor of 717 and 5497.
239
What is the greatest common divisor of 24 and 192?
24
Calculate the greatest common factor of 59 and 14337.
59
What is the highest common divisor of 654 and 12?
6
Calculate the greatest common divisor of 605 and 2585.
55
What is the greatest common factor of 96 and 264?
24
What is the highest common divisor of 7 and 224?
7
What is the highest common divisor of 104 and 56?
8
What is the highest common factor of 392 and 308?
28
Calculate the highest common factor of 16 and 368.
16
What is the greatest common factor of 46 and 529?
23
What is the highest common factor of 32657 and 113?
113
Calculate the highest common divisor of 53 and 2279.
53
What is the greatest common factor of 1558 and 82?
82
What is the greatest common factor of 252 and 1752?
12
Calculate the greatest common factor of 395 and 20.
5
Calculate the highest common factor of 1581 and 34.
17
What is the greatest common factor of 2 and 1624?
2
What is the highest common divisor of 128 and 128?
128
What is the highest common factor of 38 and 855?
19
What is the greatest common divisor of 1428 and 510?
102
Calculate the greatest common factor of 387 and 688.
43
What is the highest common divisor of 833 and 392?
49
Calculate the highest common divisor of 232 and 8.
8
Calculate the greatest common divisor of 5457 and 51.
51
Calculate the highest common factor of 1207 and 34.
17
Calculate the highest common divisor of 441 and 81.
9
What is the greatest common factor of 56 and 686?
14
Calculate the greatest common divisor of 4158 and 3366.
198
What is the greatest common divisor of 5612 and 488?
244
Calculate the highest common factor of 53 and 371.
53
Calculate the highest common factor of 44 and 22.
22
Calculate the highest common divisor of 330 and 1430.
110
What is the highest common divisor of 153 and 35037?
153
Calculate the highest common factor of 3953 and 59.
59
What is the greatest common divisor of 126 and 72?
18
What is the greatest common factor of 11 and 891?
11
What is the highest common factor of 10 and 50?
10
Calculate the highest common factor of 245 and 39739.
49
What is the greatest common divisor of 52 and 13?
13
Calculate the greatest common divisor of 50 and 1150.
50
What is the highest common divisor of 49 and 1421?
49
What is the greatest common divisor of 49533 and 38?
19
What is the greatest common factor of 53420 and 20?
20
Calculate the greatest common divisor of 152 and 19.
19
Calculate the highest common factor of 39 and 1807.
13
What is the highest common factor of 15 and 55?
5
Calculate the highest common divisor of 63 and 14.
7
Calculate the highest common factor of 13 and 43537.
13
Calculate the greatest common divisor of 905 and 22082.
181
What is the highest common divisor of 418 and 3190?
22
Calculate the greatest common factor of 40 and 48.
8
Calculate the greatest common factor of 50 and 40.
10
Calculate the highest common divisor of 34 and 1.
1
Calculate the greatest common divisor of 418 and 95.
19
What is the highest common divisor of 208 and 13?
13
Calculate the greatest common divisor of 120 and 480.